{"id":66,"date":"2026-01-22T04:12:44","date_gmt":"2026-01-22T03:12:44","guid":{"rendered":"https:\/\/axescrone.com\/?page_id=66"},"modified":"2026-01-22T05:18:06","modified_gmt":"2026-01-22T04:18:06","slug":"a-propos-de","status":"publish","type":"page","link":"https:\/\/axescrone.com\/?page_id=66","title":{"rendered":"A propos de"},"content":{"rendered":"\n<p><\/p>\n\n\n\n<hr class=\"wp-block-separator has-alpha-channel-opacity\"\/>\n\n\n\n<p class=\"has-black-color has-text-color has-link-color wp-elements-7aba797bd5304067d3098506c64f8ceb\"><strong>AS STRUCTURE<\/strong> est un groupement de jeunes ind\u00e9pendants sp\u00e9cialis\u00e9s dans des domaines techniques qui \u0153uvre \u00e0 proposer des solutions globales pour le b\u00e2timent, les infrastructures \u00e9nerg\u00e9tiques et l&rsquo;informatique. Fort d&rsquo;une expertise multidisciplinaire, nous accompagnons nos clients de la conception th\u00e9orique \u00e0 la r\u00e9alisation technique sur le terrain.<\/p>\n\n\n\n<hr class=\"wp-block-separator has-alpha-channel-opacity\"\/>\n\n\n\n<h4 class=\"wp-block-heading\">\ud83c\udfd7\ufe0f SERVICES DU BTP<\/h4>\n\n\n\n<p class=\"has-black-color has-text-color has-link-color wp-elements-2a9409342706035b69978f5117f67284\">Nous offrons un accompagnement complet pour la r\u00e9ussite de vos projets de construction, alliant esth\u00e9tique et s\u00e9curit\u00e9 structurelle.<\/p>\n\n\n\n<ul class=\"wp-block-list\">\n<li class=\"has-black-color has-text-color has-link-color wp-elements-e6fc4a3ece5c6e2a43535f44f5f66cf3\"><strong>Ing\u00e9nierie de conception :<\/strong> \u00c9tablissement des plans d\u00e9taill\u00e9s et r\u00e9alisation de rendus 3D et vid\u00e9os pour une visualisation r\u00e9aliste de vos projets.<\/li>\n\n\n\n<li class=\"has-black-color has-text-color has-link-color wp-elements-5fba02ae7e4bbddf66492102ac79c18d\"><strong>\u00c9tudes et devis :<\/strong> \u00c9tablissement des devis quantitatifs et estimatifs pr\u00e9cis.<\/li>\n\n\n\n<li class=\"has-black-color has-text-color has-link-color wp-elements-be6c26f4131a39f5a90ecfbac0e8c74b\"><strong>Ex\u00e9cution et suivi :<\/strong> Construction des b\u00e2timents, suivi rigoureux des chantiers et conseils techniques personnalis\u00e9s.<\/li>\n\n\n\n<li class=\"has-black-color has-text-color has-link-color wp-elements-308af26c342e26fa8a11c22625190e3d\"><strong>Am\u00e9nagement :<\/strong> Expertise sp\u00e9cifique dans l&rsquo;am\u00e9nagement des cuisines modernes.<\/li>\n\n\n\n<li class=\"has-black-color has-text-color has-link-color wp-elements-1d1af6448ace90a080cd4eab9f49489b\"><strong>Formation :<\/strong> Programmes de formation sur les logiciels m\u00e9tiers avec d\u00e9livrance d&rsquo;attestations.<\/li>\n\n\n\n<li class=\"has-black-color has-text-color has-link-color wp-elements-b17dba06e3cebbf1d2e723ba6c756c04\"><strong>Travaux de finitions<\/strong> : Murs, sol<\/li>\n<\/ul>\n\n\n\n<hr class=\"wp-block-separator has-alpha-channel-opacity\"\/>\n\n\n\n<h4 class=\"wp-block-heading\">\u26a1 SERVICES D&rsquo;\u00c9LECTRICIT\u00c9 ET \u00c9NERGIE<\/h4>\n\n\n\n<p class=\"has-black-color has-text-color has-link-color wp-elements-9639a209ede18e7e669e0da1ddb1255b\">Nos techniciens qualifi\u00e9s assurent la s\u00e9curit\u00e9 et l&rsquo;efficacit\u00e9 \u00e9nerg\u00e9tique de vos installations.<\/p>\n\n\n\n<ul class=\"wp-block-list\">\n<li class=\"has-black-color has-text-color has-link-color wp-elements-9ad99edbf12b75e57ba2588c5e2646f3\"><strong>Installations g\u00e9n\u00e9rales :<\/strong> Mise en place des syst\u00e8mes \u00e9lectriques pour divers \u00e9difices (r\u00e9sidentiels, commerciaux, industriels).<\/li>\n\n\n\n<li class=\"has-black-color has-text-color has-link-color wp-elements-c064db555afcdba5a19597d663b37484\"><strong>Maintenance :<\/strong> Services de maintenance \u00e9lectrique curative et pr\u00e9ventive.<\/li>\n\n\n\n<li class=\"has-black-color has-text-color has-link-color wp-elements-49a20e428b32e81546b42d152c5948f8\"><strong>\u00c9nergies renouvelables :<\/strong> \u00c9tude et installation de syst\u00e8mes d&rsquo;\u00e9nergie solaire.<\/li>\n\n\n\n<li class=\"has-black-color has-text-color has-link-color wp-elements-1e8572f56e802ce36307379f6911b7d5\"><strong>G\u00e9nie climatique :<\/strong> Installation et maintenance des syst\u00e8mes de climatisation.<\/li>\n\n\n\n<li class=\"has-black-color has-text-color has-link-color wp-elements-d410d5890b5e81686565fc2612e0d2c9\"><strong>S\u00e9curit\u00e9 \u00e9lectronique :<\/strong> Installation de cam\u00e9ras de surveillance pour la protection de vos sites.<\/li>\n\n\n\n<li class=\"has-black-color has-text-color has-link-color wp-elements-5518fcc6a49bf7ce077e1a9e7111b535\"><strong>Bureau d&rsquo;\u00e9tudes \u00e9lectriques :<\/strong> Conception et r\u00e9alisation de plans et sch\u00e9mas \u00e9lectriques complexes.<\/li>\n<\/ul>\n\n\n\n<hr class=\"wp-block-separator has-alpha-channel-opacity\"\/>\n\n\n\n<h4 class=\"wp-block-heading\">\ud83c\udf93 NOTRE PHILOSOPHIE DE FORMATION<\/h4>\n\n\n\n<p class=\"has-black-color has-text-color has-link-color wp-elements-9dc27a4ccf8ecaf4ca0f7d36df7dead0\">Au-del\u00e0 des services techniques, <strong>AS STRUCTURE<\/strong> s&rsquo;engage dans la transmission du savoir \u00e0 travers des formations th\u00e9oriques approfondies. Nous croyons que la ma\u00eetrise des logiciels ne remplace pas la compr\u00e9hension des principes fondamentaux du G\u00e9nie Civil (RDM, B\u00e9ton Arm\u00e9, etc.).<\/p>\n\n\n\n<blockquote class=\"wp-block-quote is-layout-flow wp-block-quote-is-layout-flow\">\n<p class=\"has-black-color has-text-color has-link-color wp-elements-162c9045229cb9342a3fd35c75c8666b\">\u00ab\u00a0Le but est de transformer les professionnels et les apprenants en experts capables d&rsquo;innover et de s&rsquo;adapter \u00e0 leurs environnements locaux.\u00a0\u00bb<\/p>\n<\/blockquote>\n\n\n\n<hr class=\"wp-block-separator has-alpha-channel-opacity\"\/>\n\n\n\n<h4 class=\"wp-block-heading\">\ud83d\udda5\ufe0f SERVICES BUREAUTIQUES ET NUM\u00c9RIQUES<\/h4>\n\n\n\n<p><\/p>\n\n\n\n<h3 class=\"wp-block-heading\">1. Cr\u00e9ation et mon\u00e9tisation Tiktok<\/h3>\n\n\n\n<p class=\"has-black-color has-text-color has-link-color wp-elements-b1b374092c5fb64632834c2ced5e10be\">Nous vous accompagnons dans l&rsquo;exploitation du r\u00e9seau social le plus dynamique du moment pour g\u00e9n\u00e9rer des revenus et de la visibilit\u00e9.<\/p>\n\n\n\n<ul class=\"wp-block-list\">\n<li class=\"has-black-color has-text-color has-link-color wp-elements-642cb860b80e999a7dff55b56e8bf6ab\"><strong>Cr\u00e9ation de comptes \u00e9ligibles :<\/strong> Configuration de comptes TikTok optimis\u00e9s pour la mon\u00e9tisation (acc\u00e8s aux fonds cr\u00e9ateurs et outils de business).<\/li>\n\n\n\n<li class=\"has-black-color has-text-color has-link-color wp-elements-324ff25744d8e24b8f6ece1b34f16174\"><strong>Guide d&rsquo;utilisation :<\/strong> Accompagnement complet sur les algorithmes, les meilleures heures de publication et la gestion d&rsquo;un profil professionnel.<\/li>\n\n\n\n<li class=\"has-black-color has-text-color has-link-color wp-elements-78638fe5b7923893b9adec5f26396a78\"><strong>Avantages :<\/strong> Permet de transformer votre audience en clients et de diversifier vos sources de revenus gr\u00e2ce \u00e0 une pr\u00e9sence sociale strat\u00e9gique.<\/li>\n<\/ul>\n\n\n\n<h3 class=\"wp-block-heading\">2. Pr\u00e9sentations Assist\u00e9es par Ordinateur (PAO)<\/h3>\n\n\n\n<p class=\"has-black-color has-text-color has-link-color wp-elements-aa74544bf7b9445509788eb5de9676f5\">Nous donnons vie \u00e0 vos id\u00e9es et \u00e0 vos donn\u00e9es techniques pour vos r\u00e9unions, soutenances ou propositions commerciales.<\/p>\n\n\n\n<ul class=\"wp-block-list\">\n<li class=\"has-black-color has-text-color has-link-color wp-elements-ab78c180256a5b87bc7b08a1df17cef5\"><strong>Conception visuelle :<\/strong> Cr\u00e9ation de supports de pr\u00e9sentation (<strong>PowerPoint<\/strong>, <strong>Google Slides<\/strong>) clairs, dynamiques et professionnels.<\/li>\n\n\n\n<li class=\"has-black-color has-text-color has-link-color wp-elements-e1d3f2530c696eb6fb79efc75172d9c6\"><strong>Structuration de contenu :<\/strong> Organisation logique des informations pour captiver votre auditoire.<\/li>\n\n\n\n<li class=\"has-black-color has-text-color has-link-color wp-elements-642bf40dd38f991e4ce91a4c6f502931\"><strong>Avantages :<\/strong> Renforce votre cr\u00e9dibilit\u00e9 lors de prises de parole et facilite la compr\u00e9hension de projets complexes, comme ceux du G\u00e9nie Civil.<\/li>\n<\/ul>\n\n\n\n<h3 class=\"wp-block-heading\">3. Montage vid\u00e9o professionnel<\/h3>\n\n\n\n<p class=\"has-black-color has-text-color has-link-color wp-elements-78edd75f27bb8926c58de8f4993384b7\">La vid\u00e9o est l&rsquo;outil de communication par excellence pour pr\u00e9senter des projets de construction ou des tutoriels de formation.<\/p>\n\n\n\n<ul class=\"wp-block-list\">\n<li class=\"has-black-color has-text-color has-link-color wp-elements-63e856571ce9e7b88b02f555d4d42920\"><strong>\u00c9dition technique :<\/strong> Montage de rendus 3D, de suivis de chantiers ou de contenus \u00e9ducatifs.<\/li>\n\n\n\n<li class=\"has-black-color has-text-color has-link-color wp-elements-f94ff9ad0eee081724ed81c1a3027297\"><strong>Optimisation :<\/strong> Ajout de transitions, sous-titres et \u00e9l\u00e9ments graphiques pour un rendu fluide et impactant.<\/li>\n\n\n\n<li class=\"has-black-color has-text-color has-link-color wp-elements-919b0d6b458fa566dd854796bea89757\"><strong>Avantages :<\/strong> Augmente l&rsquo;engagement sur vos plateformes num\u00e9riques et offre une vitrine moderne \u00e0 vos r\u00e9alisations techniques.<\/li>\n<\/ul>\n\n\n\n<h3 class=\"wp-block-heading\">4. Logistique de base et organisation de l&rsquo;espace de travail<\/h3>\n\n\n\n<p class=\"has-black-color has-text-color has-link-color wp-elements-28c1fdcf0ec45883327b422f7178f5d7\">Une gestion administrative et physique rigoureuse est le fondement de toute structure performante.<\/p>\n\n\n\n<ul class=\"wp-block-list\">\n<li class=\"has-black-color has-text-color has-link-color wp-elements-459ef05dddc3614f27aea942689353ef\"><strong>Gestion documentaire :<\/strong> Organisation num\u00e9rique des dossiers, archivage et gestion des flux d&rsquo;informations.<\/li>\n\n\n\n<li class=\"has-black-color has-text-color has-link-color wp-elements-bc1727e55775209bafbf20e22a882004\"><strong>Optimisation de l&rsquo;espace :<\/strong> Conseils pour l&rsquo;am\u00e9nagement d&rsquo;un bureau fonctionnel favorisant la concentration et l&rsquo;efficacit\u00e9.<\/li>\n\n\n\n<li class=\"has-black-color has-text-color has-link-color wp-elements-66eaf06274594f38c01f9a659cd2ecf9\"><strong>Avantages :<\/strong> R\u00e9duction du stress li\u00e9 au d\u00e9sordre, gain de temps dans la recherche d&rsquo;informations et am\u00e9lioration de l&rsquo;accueil client.<\/li>\n<\/ul>\n\n\n\n<hr class=\"wp-block-separator has-alpha-channel-opacity\"\/>\n\n\n\n<h3 class=\"wp-block-heading\">Pourquoi choisir nos services ?<\/h3>\n\n\n\n<ul class=\"wp-block-list\">\n<li class=\"has-black-color has-text-color has-link-color wp-elements-7b7f094211daf032c386ea99623a5549\"><strong>Gain de temps :<\/strong> D\u00e9l\u00e9guez les t\u00e2ches chronophages pour vous concentrer sur votre c\u0153ur de m\u00e9tier (<strong>Ing\u00e9nierie<\/strong>, <strong>\u00c9lectricit\u00e9<\/strong>, etc.).<\/li>\n\n\n\n<li class=\"has-black-color has-text-color has-link-color wp-elements-9a5383ee6ed2aa745e7aa2acad9695fd\"><strong>Professionnalisme :<\/strong> Pr\u00e9sentez des documents et des contenus d&rsquo;une qualit\u00e9 sup\u00e9rieure qui refl\u00e8tent votre rigueur technique.<\/li>\n\n\n\n<li class=\"has-black-color has-text-color has-link-color wp-elements-ddf854d1aadcf9e8507b6abbb3ac3f3a\"><strong>Innovation :<\/strong> Restez \u00e0 la pointe des outils digitaux tout en conservant les bases fondamentales de votre domaine.<\/li>\n<\/ul>\n\n\n\n<hr class=\"wp-block-separator has-alpha-channel-opacity\"\/>\n\n\n\n<figure class=\"wp-block-image size-large\"><img loading=\"lazy\" decoding=\"async\" width=\"1024\" height=\"754\" src=\"http:\/\/axescrone.com\/wp-content\/uploads\/2026\/01\/logo-AS-STRUCTURE-1024x754.png\" alt=\"\" class=\"wp-image-369\" srcset=\"https:\/\/axescrone.com\/wp-content\/uploads\/2026\/01\/logo-AS-STRUCTURE-1024x754.png 1024w, https:\/\/axescrone.com\/wp-content\/uploads\/2026\/01\/logo-AS-STRUCTURE-300x221.png 300w, https:\/\/axescrone.com\/wp-content\/uploads\/2026\/01\/logo-AS-STRUCTURE-768x565.png 768w, https:\/\/axescrone.com\/wp-content\/uploads\/2026\/01\/logo-AS-STRUCTURE-600x442.png 600w, https:\/\/axescrone.com\/wp-content\/uploads\/2026\/01\/logo-AS-STRUCTURE.png 1079w\" sizes=\"auto, (max-width: 1024px) 100vw, 1024px\" \/><\/figure>\n","protected":false},"excerpt":{"rendered":"<p>AS STRUCTURE est un groupement de jeunes ind\u00e9pendants sp\u00e9cialis\u00e9s dans des domaines techniques qui \u0153uvre \u00e0 proposer des solutions globales [&hellip;]<\/p>\n","protected":false},"author":1,"featured_media":0,"parent":100,"menu_order":3,"comment_status":"closed","ping_status":"closed","template":"","meta":{"site-sidebar-layout":"default","site-content-layout":"","ast-site-content-layout":"default","site-content-style":"default","site-sidebar-style":"default","ast-global-header-display":"","ast-banner-title-visibility":"","ast-main-header-display":"","ast-hfb-above-header-display":"","ast-hfb-below-header-display":"","ast-hfb-mobile-header-display":"","site-post-title":"","ast-breadcrumbs-content":"","ast-featured-img":"","footer-sml-layout":"","ast-disable-related-posts":"","theme-transparent-header-meta":"","adv-header-id-meta":"","stick-header-meta":"","header-above-stick-meta":"","header-main-stick-meta":"","header-below-stick-meta":"","astra-migrate-meta-layouts":"default","ast-page-background-enabled":"default","ast-page-background-meta":{"desktop":{"background-color":"var(--ast-global-color-5)","background-image":"","background-repeat":"repeat","background-position":"center center","background-size":"auto","background-attachment":"scroll","background-type":"","background-media":"","overlay-type":"","overlay-color":"","overlay-opacity":"","overlay-gradient":""},"tablet":{"background-color":"","background-image":"","background-repeat":"repeat","background-position":"center center","background-size":"auto","background-attachment":"scroll","background-type":"","background-media":"","overlay-type":"","overlay-color":"","overlay-opacity":"","overlay-gradient":""},"mobile":{"background-color":"","background-image":"","background-repeat":"repeat","background-position":"center center","background-size":"auto","background-attachment":"scroll","background-type":"","background-media":"","overlay-type":"","overlay-color":"","overlay-opacity":"","overlay-gradient":""}},"ast-content-background-meta":{"desktop":{"background-color":"var(--ast-global-color-4)","background-image":"","background-repeat":"repeat","background-position":"center center","background-size":"auto","background-attachment":"scroll","background-type":"","background-media":"","overlay-type":"","overlay-color":"","overlay-opacity":"","overlay-gradient":""},"tablet":{"background-color":"var(--ast-global-color-4)","background-image":"","background-repeat":"repeat","background-position":"center center","background-size":"auto","background-attachment":"scroll","background-type":"","background-media":"","overlay-type":"","overlay-color":"","overlay-opacity":"","overlay-gradient":""},"mobile":{"background-color":"var(--ast-global-color-4)","background-image":"","background-repeat":"repeat","background-position":"center center","background-size":"auto","background-attachment":"scroll","background-type":"","background-media":"","overlay-type":"","overlay-color":"","overlay-opacity":"","overlay-gradient":""}},"footnotes":""},"class_list":["post-66","page","type-page","status-publish","hentry"],"_links":{"self":[{"href":"https:\/\/axescrone.com\/index.php?rest_route=\/wp\/v2\/pages\/66","targetHints":{"allow":["GET"]}}],"collection":[{"href":"https:\/\/axescrone.com\/index.php?rest_route=\/wp\/v2\/pages"}],"about":[{"href":"https:\/\/axescrone.com\/index.php?rest_route=\/wp\/v2\/types\/page"}],"author":[{"embeddable":true,"href":"https:\/\/axescrone.com\/index.php?rest_route=\/wp\/v2\/users\/1"}],"replies":[{"embeddable":true,"href":"https:\/\/axescrone.com\/index.php?rest_route=%2Fwp%2Fv2%2Fcomments&post=66"}],"version-history":[{"count":9,"href":"https:\/\/axescrone.com\/index.php?rest_route=\/wp\/v2\/pages\/66\/revisions"}],"predecessor-version":[{"id":370,"href":"https:\/\/axescrone.com\/index.php?rest_route=\/wp\/v2\/pages\/66\/revisions\/370"}],"up":[{"embeddable":true,"href":"https:\/\/axescrone.com\/index.php?rest_route=\/wp\/v2\/pages\/100"}],"wp:attachment":[{"href":"https:\/\/axescrone.com\/index.php?rest_route=%2Fwp%2Fv2%2Fmedia&parent=66"}],"curies":[{"name":"wp","href":"https:\/\/api.w.org\/{rel}","templated":true}]}}